 of 6?
True
Is 39915 a multiple of 170?
False
Is 2 a factor of 249493?
False
Is 128095 a multiple of 11?
True
Does 18 divide 76266?
True
Does 23 divide 2739487?
False
Is 4 a factor of 74700?
True
Is 34 a factor of 2329754?
False
Is 40 a factor of 148600?
True
Is 14 a factor of 3467856?
True
Is 16 a factor of 250641?
False
Is 99 a factor of 650529?
True
Is 295 a factor of 810613?
False
Is 133 a factor of 437304?
True
Is 279210 a multiple of 227?
True
Is 42 a factor of 83809?
False
Is 33 a factor of 2033129?
False
Is 155 a factor of 11289735?
True
Does 139 divide 880687?
False
Is 179 a factor of 803525?
False
Does 55 divide 1749330?
True
Is 29 a factor of 570517?
True
Does 94 divide 217516?
True
Is 975415 a multiple of 961?
True
Does 3 divide 145500?
True
Is 1972 a factor of 8609076?
False
Does 2 divide 125522?
True
Is 51 a factor of 8680170?
False
Is 375 a factor of 14455?
False
Is 159 a factor of 569636?
False
Does 282 divide 710355?
False
Does 141 divide 332478?
True
Does 83 divide 264138?
False
Does 274 divide 425828?
False
Does 20 divide 4528180?
True
Is 63029 a multiple of 48?
False
Is 26 a factor of 1402024?
True
Is 902013 a multiple of 174?
False
Is 118904 a multiple of 8?
True
Is 8 a factor of 49752?
True
Is 1355216 a multiple of 8?
True
Is 96 a factor of 60768?
True
Is 605232 a multiple of 9?
True
Is 12 a factor of 180016?
False
Is 1464603 a multiple of 31?
False
Is 79 a factor of 978334?
False
Does 131 divide 222908?
False
Is 6660577 a multiple of 81?
False
Does 190 divide 64410?
True
Is 3 a factor of 13489?
False
Is 37 a factor of 21090?
True
Is 10360624 a multiple of 753?
False
Does 34 divide 6382684?
True
Does 605 divide 4118235?
True
Is 17 a factor of 10342341?
True
Is 30 a factor of 221279?
False
Does 23 divide 105149?
False
Is 138200 a multiple of 100?
True
Is 2998235 a multiple of 318?
False
Is 2367254 a multiple of 19?
False
Is 8 a factor of 567704?
True
Is 111 a factor of 745332?
False
Is 47016 a multiple of 36?
True
Does 13 divide 84513?
True
Is 9791828 a multiple of 37?
True
Is 405475 a multiple of 126?
False
Is 10 a factor of 261240?
True
Does 142 divide 203770?
True
Is 76 a factor of 458536?
False
Does 225 divide 139950?
True
Does 4 divide 2612?
True
Is 64 a factor of 1459904?
True
Does 65 divide 15818599?
False
Is 6175872 a multiple of 54?
True
Does 952 divide 693882?
False
Does 152 divide 1528523?
False
Is 1022328 a multiple of 54?
True
Does 18 divide 79213?
False
Is 46 a factor of 40112?
True
Is 305084 a multiple of 66?
False
Is 28108 even?
True
Does 75 divide 5219775?
True
Is 13 a factor of 6032?
True
Does 1106 divide 3787247?
False
Is 21 a factor of 39884?
False
Is 2915784 a multiple of 18?
True
Is 41 a factor of 472935?
True
Does 28 divide 146944?
True
Is 231 a factor of 838068?
True
Is 90816 a multiple of 4?
True
Is 320 a factor of 59520?
True
Does 60 divide 186782?
False
Is 3 a factor of 50454?
True
Does 118 divide 436128?
True
Does 525 divide 73500?
True
Is 82 a factor of 307228?
False
Does 527 divide 17953374?
False
Is 415 a factor of 1431335?
True
Does 920 divide 8102479?
False
Is 2 a factor of 218174?
True
Is 8489954 a multiple of 139?
False
Is 4088585 a multiple of 196?
False
Is 17124567 a multiple of 436?
False
Is 374 a factor of 694144?
True
Is 21 a factor of 193069?
False
Is 300135 a multiple of 255?
True
Does 3 divide 252453?
True
Does 503 divide 9978514?
True
Is 4259480 a multiple of 127?
False
Is 735488 a multiple of 26?
True
Is 2 a factor of 762916?
True
Does 2 divide 8421?
False
Is 6 a factor of 86905?
False
Does 26 divide 2497612?
True
Is 12005 a multiple of 43?
False
Does 178 divide 437168?
True
Does 26 divide 290446?
True
Is 424125 a multiple of 325?
True
Is 20785 a multiple of 36?
False
Does 187 divide 71941?
False
Is 1432018 a multiple of 30?
False
Is 40 a factor of 98076?
False
Does 9 divide 438291?
True
Is 855 a factor of 1088570?
False
Does 44 divide 1553953?
False
Does 6 divide 8692?
False
Is 153 a factor of 679593?
False
Is 227 a factor of 201132?
False
Is 64 a factor of 1077568?
True
Is 4099055 a multiple of 23?
False
Does 91 divide 2403299?
False
Is 195048 a multiple of 1134?
True
Is 10833120 a multiple of 48?
True
Is 21380177 a multiple of 91?
True
Is 8 a factor of 10415624?
True
Is 30 a factor of 261090?
True
Does 17 divide 11018329?
True
Is 3533175 a multiple of 252?
False
Is 56 a factor of 17721?
False
Does 28 divide 2051464?
False
Is 187 a factor of 472130?
False
Does 428 divide 4544655?
False
Is 151 a factor of 6617575?
True
Is 533 a factor of 1633189?
False
Is 642 a factor of 2104287?
False
Is 19 a factor of 150976?
False
Is 549676 a multiple of 131?
True
Is 12 a factor of 408324?
True
Is 3 a factor of 75675?
True
Is 530959 a multiple of 517?
True
Is 896265 a multiple of 45?
True
Is 2701269 a multiple of 153?
False
Is 14 a factor of 22249500?
True
Does 102 divide 16954438?
False
Is 2 a factor of 88706?
True
Is 467 a factor of 3719311?
False
Is 155 a factor of 72371?
False
Is 4 a factor of 652084?
True
Is 3760368 a multiple of 48?
True
Is 8508 a multiple of 29?
False
Does 45 divide 789930?
True
Is 383 a factor of 8800957?
True
Is 12 a factor of 21876?
True
Is 5 a factor of 87983?
False
Is 5138915 a multiple of 4?
False
Is 69367 a multiple of 2?
False
Is 56241 a multiple of 9?
True
Is 465371 a multiple of 99?
False
Is 6330 a multiple of 2?
True
Does 277 divide 89318?
False
Is 74240 a multiple of 702?
False
Is 85557 a multiple of 3?
True
Is 21 a factor of 618597?
True
Does 1787 divide 14167851?
False
Is 4147337 a multiple of 19?
False
Is 61692 a multiple of 194?
True
Does 160 divide 11010451?
False
Is 1784 a factor of 801016?
True
Is 15 a factor of 7767204?
False
Is 11 a factor of 353100?
True
Is 474796 a multiple of 383?
False
Is 74 a factor of 1327412?
True
Is 29247 even?
False
Is 106 a factor of 14831?
False
Does 356 divide 273764?
True
Is 48 a factor of 12726?
False
Is 873056 a multiple of 121?
False
Is 40 a factor of 938274?
False
Is 189 a factor of 91326?
False
Is 17864 a multiple of 14?
True
Is 7 a factor of 211925?
True
Is 500427 a multiple of 9?
True
Is 17 a factor of 9885634?
False
Is 15 a factor of 426975?
True
Is 10958632 a multiple of 43?
False
Does 46 divide 3494855?
False
Is 6688990 a multiple of 539?
True
Is 134 a factor of 1759318?
False
Does 362 divide 368029?
False
Is 3742920 a multiple of 1480?
True
Is 106 a factor of 110717?
False
Is 45 a factor of 243855?
True
Is 14314 a multiple of 4?
False
Does 2 divide 65387?
False
Is 12 a factor of 495144?
True
Is 424079 a multiple of 41?
False
Is 116 a factor of 4447045?
False
Is 13 a factor of 240162?
True
Does 77 divide 401247?
True
Is 12 a factor of 6923590?
False
Is 21 a factor of 4545912?
True
Is 72 a factor of 421992?
True
Does 106 divide 63918?
True
Is 71882 a multiple of 254?
True
Is 100 a factor of 1398729?
False
Is 27 a factor of 392499?
True
Does 130 divide 57070?
True
Is 16 a factor of 14032?
True
Is 31743 a multiple of 5?
False
Does 2 divide 1509?
False
Is 435 a factor of 1422885?
True
Is 4143 a multiple of 10?
False
Does 60 divide 188040?
True
Does 75 divide 1494699?
False
Is 3356892 a multiple of 11?
True
Is 31375 a multiple of 25?
True
Is 42 a factor of 46830?
True
Does 134 divide 13544586?
True
Is 1197344 a multiple of 32?
True
Does 33 divide 1578437?
False
Does 819 divide 5702697?
True
Does 22 divide 4505578?
True
Does 9 divide 940534?
False
Is 9 a factor of 145507?
False
Is 302490 a multiple of 53?
False
Does 8 divide 15352959?
False
Is 11 a factor of 534045?
False
Is 245 a factor of 802061?
False
Is 1627204 a multiple of 23?
True
Is 7 a factor of 18330?
False
Is 4158728 a multiple of 103?
True
Is 9343675 a multiple of 1525?
True
Does 124 divide 9125904?
True
Does 17 divide 925293?
True
Is 83 a factor of 880630?
True
Is 20 a factor of 409520?
True
Is 420 a factor of 4961738?
False
Does 32 divide 142080?
True
Is 694235 a multiple of 43?
True
Is 12 a factor of 212707?
False
Is 10 a factor of 72629?
False
Is 1061353 a multiple of 431?
False
Is 460 a factor of 9303960?
True
Does 136 divide 27064?
True
Is 222 a factor of 96792?
True
Is 76099 a multiple of 17?
False
Does 30 divide 14700?
True
Is 1364244 a multiple of 19?
False
Does 4 divide 2340?
True
Is 1917541 a multiple of 631?
False
Is 3 a factor of 1164